*i + 1402. Determine z(16).
10
Let y(v) = -106*v - 62. Calculate y(-5).
468
Let s(g) = -g**2 - 2*g + 152. Give s(-12).
32
Let a(c) = -c**3 - 22*c**2 + 13*c + 400. Give a(-21).
-314
Let d(p) = -p**2 + 542*p + 1632. Give d(-3).
-3
Let h(o) = -30*o**2 - 59*o - 58. What is h(-1)?
-29
Let d(s) = s**3 - 47*s**2 - 103*s + 239. Give d(49).
-6
Let a(c) = -13*c + 488. Determine a(38).
-6
Let k(y) = -2*y**2 + 266*y + 1950. What is k(140)?
-10
Let r(s) = 115*s**3 + 7*s**2 + 5*s. Give r(-1).
-113
Let z(b) = -110*b**2 + 126*b + 253. Calculate z(-2).
-439
Let t(x) = -86*x + 352. Calculate t(4).
8
Let u(r) = r**3 - 48*r**2 - 158*r + 177. Determine u(51).
-78
Let k(o) = 100*o + 14293. Determine k(-143).
-7
Let p(d) = -41*d**2 + 12507*d - 605. What is p(305)?
5
Let n(p) = -p**3 + 27*p**2 + 18*p + 86. Calculate n(28).
-194
Let v(a) = 240*a + 972. Determine v(-4).
12
Let u(d) = 10*d**3 - 5*d**2 - 19*d + 2. Give u(3).
170
Let y(s) = -8*s + 98. Calculate y(16).
-30
Let o(p) = p**3 - 10*p**2 - 60*p + 278. What is o(13)?
5
Let r(k) = 85*k**3 - k**2 + 14*k - 14. Determine r(1).
84
Let j(t) = -339*t**2 - 21*t + 20. Determine j(1).
-340
Let m(c) = c**3 - 11*c - 34. What is m(0)?
-34
Let k(l) = l**3 - 15*l**2 - 12*l - 114. What is k(17)?
260
Let s(i) = -i**3 - i**2 - 2*i - 6. Determine s(-2).
2
Let w(v) = -2704*v - 32438. Determine w(-12).
10
Let l(v) = -v**2 - 624*v + 5012. What is l(8)?
-44
Let q(o) = o**2 - 107*o + 2729. Determine q(65).
-1
Let q(s) = -s**3 - 7*s**2 + 56. What is q(-5)?
6
Let o(j) = 28*j - 494. What is o(18)?
10
Let o(s) = -7*s**2 - 671*s - 578. Give o(-95).
-8
Let i(d) = d**2 + 127*d + 1588. Give i(-14).
6
Let z(q) = -q**3 + 83*q + 165. What is z(-2)?
7
Let y(g) = 32*g + 1917. What is y(-60)?
-3
Let w(d) = 43*d + 445. What is w(-8)?
101
Let y(f) = 42*f - 1959. Determine y(45).
-69
Let n(j) = 250*j + 1686. Give n(-6).
186
Let d(l) = 14782*l + 221714. Give d(-15).
-16
Let r(o) = 8*o + 168. Calculate r(-39).
-144
Let h(k) = 38*k**2 + 117*k + 16. Determine h(-3).
7
Let x(t) = 9844*t - 68921. Give x(7).
-13
Let z(v) = 3*v**3 - 7*v**2 + v - 24. Give z(-5).
-579
Let g(m) = 2*m**3 - 15*m**2 + 5*m - 73. Give g(10).
477
Let y(m) = -12753*m - 76512. What is y(-6)?
6
Let a(u) = -u**3 - 93*u**2 - 75*u + 1557. Calculate a(-92).
-7
Let j(t) = -t**3 - 7*t**2 + 81*t + 422. Calculate j(-10).
-88
Let i(l) = 10*l**2 + 122*l + 183. Give i(-9).
-105
Let n(o) = o**2 - 1472*o - 32867. Give n(-22).
1
Let z(g) = -2525*g - 60595. Calculate z(-24).
5
Let j(y) = -3*y**2 + 976*y - 976. Give j(1).
-3
Let h(g) = 20*g**3 - 6*g**2 + 9*g - 1. Give h(2).
153
Let g(p) = -412*p - 7. Determine g(-3).
1229
Let k(d) = -4*d**3 - 90*d**2 + 145*d + 24. Give k(-24).
0
Let q(z) = z**3 - 7*z**2 - 198*z - 21. Give q(-11).
-21
Let v(s) = 23*s**2 + 5. Calculate v(2).
97
Let l(r) = -221*r + 1994. Calculate l(9).
5
Let p(k) = k**3 - 35*k**2 - 85*k + 391. Calculate p(37).
-16
Let y(u) = -u**3 - 30*u**2 - 40*u + 1033. Give y(-27).
-74
Let m(l) = -24*l - 749. Determine m(-29).
-53
Let o(f) = -8*f**2 - 31*f - 82. What is o(-3)?
-61
Let c(u) = 18*u - 37. Give c(7).
89
Let i(q) = -2*q**2 - 99*q + 55. Give i(-50).
5
Let a(l) = 2*l**2 + 52*l + 67. What is a(-24)?
-29
Let q(k) = 169*k - 2400. Calculate q(14).
-34
Let u(t) = t**2 + 18*t + 108. Determine u(-11).
31
Let a(v) = -3*v**3 - 39*v**2 - 14*v - 60. Give a(-13).
122
Let p(m) = 803*m + 3194. Determine p(-4).
-18
Let a(w) = -4*w**3 + 2*w**2 + 12*w - 8. Give a(5).
-398
Let g(j) = 2522*j - 37832. Determine g(15).
-2
Let c(n) = -188*n - 11843. Calculate c(-63).
1
Let u(z) = -1378*z - 5419. Determine u(-4).
93
Let y(f) = -2*f**2 + 14*f - 2. What is y(6)?
10
Let z(t) = -108*t - 8098. Determine z(-75).
2
Let i(x) = x**3 + 12*x**2 - 81*x - 504. Calculate i(-15).
36
Let c(d) = 2*d**2 + 74*d + 134. Give c(-45).
854
Let a(m) = -900*m - 9022. Calculate a(-10).
-22
Let x(y) = -263*y + 8926. Calculate x(34).
-16
Let y(m) = 5*m**2 - 135*m + 134. Determine y(1).
4
Let l(g) = -g**3 + 10*g**2 + 29*g - 12. Give l(12).
48
Let q(h) = 2*h**3 + 19*h**2 - 82*h - 6. What is q(-13)?
-123
Let r(q) = -q**3 + 3*q**2 + 17*q - 51. Give r(5).
-16
Let l(h) = -113*h - 933. Give l(-8).
-29
Let r(g) = 6*g + 17. Give r(4).
41
Let t(b) = b**2 - 386*b + 2284. What is t(6)?
4
Let l(n) = -8*n**2 - 404*n + 44. Give l(-48).
1004
Let r(x) = x**2 + 65*x + 929. Determine r(-22).
-17
Let v(a) = 5601*a + 11211. Determine v(-2).
9
Let b(q) = 75*q - 5115. Determine b(68).
-15
Let z(y) = y**3 - 12*y**2 - 16*y + 16. Determine z(12).
-176
Let i(h) = -h**2 - 142*h - 5049. Give i(-75).
-24
Let f(b) = b**2 - b + 8. Give f(0).
8
Let b(q) = -3*q**2 + 109*q - 899. Give b(23).
21
Let n(m) = -329*m - 10194. Give n(-31).
5
Let n(a) = -a**3 - 4*a**2 + a - 11. Calculate n(-7).
129
Let p(k) = -708*k + 12033. Give p(17).
-3
Let v(c) = -220*c + 42679. Calculate v(194).
-1
Let a(v) = -68*v + 1509. Determine a(21).
81
Let k(j) = -2*j**2 - 142*j + 1279. What is k(-79)?
15
Let z(d) = d**2 - 59*d + 877. Determine z(28).
9
Let d(g) = 15*g + 1110. Calculate d(-73).
15
Let w(d) = 38*d + 1884. Determine w(-57).
-282
Let l(h) = 57*h**2 - 3*h - 4. Give l(-2).
230
Let i(v) = -v**2 - 25*v - 37. Give i(-17).
99
Let p(q) = 2*q - 63. Calculate p(-7).
-77
Let g(h) = h**3 - 107*h**2 + 2807*h - 53. Give g(61).
8
Let u(t) = 116*t + 1096. Determine u(-11).
-180
Let z(a) = 2*a**3 + 39*a**2 + 150*a - 9. What is z(-6)?
63
Let p(i) = -8*i**2 - 916*i - 2727. What is p(-3)?
-51
Let t(b) = 14*b**3 - 5*b**2 + 6*b - 1. Give t(1).
14
Let k(j) = j**2 - 2*j - 198. Calculate k(0).
-198
Let b(l) = 2337*l + 4709. Determine b(-2).
35
Let o(m) = -m**3 - 30*m**2 + 63*m - 66. Calculate o(-32).
-34
Let k(q) = -2*q**3 + 14*q**2 + 30*q + 53. Give k(9).
-1
Let p(y) = -99*y - 3373. Calculate p(-34).
-7
Let f(c) = 105*c + 1076. Give f(-10).
26
Let k(h) = -33*h**2 + 322*h + 320. Give k(-1).
-35
Let c(j) = -j**3 + 205*j**2 + 841*j - 1053. Calculate c(209).
-8
Let y(j) = 2*j**3 + 48*j**2 - 5*j - 155. Calculate y(-24).
-35
Let c(m) = 3*m**3 - 99*m**2 + 254*m + 54. What is c(3)?
6
Let r(g) = -7672*g - 46021. What is r(-6)?
11
Let d(s) = -s**2 + 5*s - 74. What is d(-9)?
-200
Let w(j) = -6*j**2 - 111*j + 85. Calculate w(-21).
-230
Let q(u) = u**3 + 4*u**2 - 2487*u - 9971. Give q(-4).
-23
Let o(h) = -742*h + 6675. Give o(9).
-3
Let h(u) = 219*u + 1705. Give h(-6).
391
Let g(q) = 27*q**2 + 156*q + 324. Calculate g(-3).
99
Let v(f) = 9*f**2 - 404*f - 44. What is v(45)?
1
Let q(i) = -202*i + 203. Determine q(1).
1
Let b(g) = -54*g - 1830. Give b(-34).
6
Let j(b) = -b**3 - 5*b**2 + 9*b + 18. What is j(-8)?
138
Let j(l) = -l**2 - 154*l + 153. Determine j(1).
-2
Let k(a) = 100*a + 1185. Calculate k(-12).
-15
Let p(w) = -w**2 + 47*w + 167. Determine p(41).
413
Let z(v) = -2*v**2 - 20*v + 15. What is z(-15)?
-135
Let z(u) = 3*u**3 - 21*u**2 - 21*u + 31. Calculate z(8).
55
Let m(y) = -28*y - 172. Determine m(-8).
52
Let u(g) = -2*g**3 + 11*g**2 + 39*g - 10. Calculate u(8).
-18
Let c(v) = 298*v + 5477. What is c(-18)?
113
Let b(q) = -q**3 + 32*q**2 + 334*q - 9927. Determine b(33).
6
Let g(i) = -3*i**3 + 150*i**2 - 149*i + 88. Give g(49).
-10
Let y(x) = -2*x**2 + 71*x + 116. Determine y(37).
5
Let x(y) = 2*y**2 - 124*y + 790. What is x(6)?
118
Let b(c) = 6*c**2 + 7674*c - 7674. Give b(1).
6
Let f(s) = 125*s + 870. What is f(-7)?
-5
Let x(j) = -992*j - 22814. Give x(-23).
2
Let h(l) = -l**3 - 7*l**2 - 61*l - 250. Give h(-4).
-54
Let a(x) = -x**2 + 238*x - 11953. Determine a(166).
-1
Let x(h) = h**3 - 13*h**2 + 19*h + 10. Give x(11).
-23
Let p(y) = 214*y - 2353. What is p(11)?
1
Let s(y) = -y**3 - 26*y**2 + 61*y - 698. Determine s(-29).
56
Let y(u) = 5*u**2 - 371*u - 301. Calculate y(75).
-1
Let s(o) = 30*o - 175. Determine s(6).
5
Let z(x) = x**2 + 207*x + 9206. Determine z(-65).
-24
Let k(t) = -t**3 + 24*t**2 - 4*t + 7. Give k(24).
-89
Let z(o) = -o**2 - 26*o - 112. What is z(-6)?
8
Let a(q) = 82*q - 4499. Determine a(55).
11
Let p(s) = s**2 - 17*s - 12. Calculate p(19).
26
Let k(c) = -c**3 - 32*c**2 - 243*c - 49. Give k(-13).
-101
Let k(j) = -j**3 + 5*j**2 + 9*j - 8. Determine k(-2).
2
Let q(g) = g**2 + 937*g + 7456. Give q(-8).
24
Let t(n) = n**3 - 10*n**2 - n - 54. What is t(12)?
222
Let n(d) = 1350*d - 5420. What is n(4)?
-20
Let b(c) = -c**2 - 1. What is b(-1)?
-2
Let n(s) = 